ed by 15.
7
What is the remainder when 75 is divided by 22?
9
Calculate the remainder when 2076 is divided by 110.
96
Calculate the remainder when 228 is divided by 54.
12
Calculate the remainder when 128 is divided by 34.
26
What is the remainder when 2700 is divided by 42?
12
Calculate the remainder when 13 is divided by 3.
1
What is the remainder when 831 is divided by 69?
3
Calculate the remainder when 60 is divided by 17.
9
Calculate the remainder when 377 is divided by 62.
5
What is the remainder when 49 is divided by 11?
5
Calculate the remainder when 920 is divided by 31.
21
Calculate the remainder when 13020 is divided by 4337.
9
What is the remainder when 106 is divided by 24?
10
Calculate the remainder when 47821 is divided by 122.
119
What is the remainder when 357 is divided by 180?
177
Calculate the remainder when 496 is divided by 177.
142
Calculate the remainder when 41 is divided by 17.
7
What is the remainder when 97 is divided by 12?
1
Calculate the remainder when 110 is divided by 19.
15
What is the remainder when 761 is divided by 228?
77
What is the remainder when 31 is divided by 12?
7
Calculate the remainder when 615 is divided by 62.
57
Calculate the remainder when 233 is divided by 47.
45
What is the remainder when 269 is divided by 34?
31
Calculate the remainder when 106028 is divided by 21.
20
What is the remainder when 3993 is divided by 74?
71
What is the remainder when 155 is divided by 35?
15
Calculate the remainder when 411 is divided by 147.
117
Calculate the remainder when 302 is divided by 51.
47
Calculate the remainder when 12763 is divided by 26.
23
What is the remainder when 33 is divided by 3?
0
What is the remainder when 399 is divided by 14?
7
What is the remainder when 335 is divided by 8?
7
Calculate the remainder when 342 is divided by 93.
63
What is the remainder when 910 is divided by 114?
112
Calculate the remainder when 316 is divided by 17.
10
Calculate the remainder when 705 is divided by 179.
168
Calculate the remainder when 335 is divided by 33.
5
Calculate the remainder when 1953 is divided by 12.
9
What is the remainder when 631 is divided by 156?
7
What is the remainder when 774 is divided by 251?
21
Calculate the remainder when 28609 is divided by 23.
20
What is the remainder when 245 is divided by 121?
3
What is the remainder when 277 is divided by 40?
37
What is the remainder when 5346 is divided by 28?
26
Calculate the remainder when 259 is divided by 36.
7
What is the remainder when 408 is divided by 17?
0
Calculate the remainder when 3207 is divided by 40.
7
Calculate the remainder when 2460 is divided by 8.
4
What is the remainder when 119 is divided by 5?
4
What is the remainder when 274 is divided by 55?
54
Calculate the remainder when 266 is divided by 128.
10
What is the remainder when 32 is divided by 9?
5
What is the remainder when 10 is divided by 3?
1
Calculate the remainder when 209 is divided by 10.
9
Calculate the remainder when 8500 is divided by 27.
22
Calculate the remainder when 517 is divided by 11.
0
Calculate the remainder when 7174 is divided by 13.
11
Calculate the remainder when 417 is divided by 14.
11
Calculate the remainder when 135 is divided by 80.
55
Calculate the remainder when 417 is divided by 106.
99
What is the remainder when 5151 is divided by 1029?
6
What is the remainder when 2437 is divided by 18?
7
Calculate the remainder when 364 is divided by 187.
177
What is the remainder when 699 is divided by 14?
13
What is the remainder when 88 is divided by 74?
14
What is the remainder when 1328 is divided by 19?
17
Calculate the remainder when 181 is divided by 91.
90
What is the remainder when 1021 is divided by 159?
67
Calculate the remainder when 25 is divided by 11.
3
What is the remainder when 82 is divided by 12?
10
What is the remainder when 106 is divided by 30?
16
What is the remainder when 713 is divided by 13?
11
What is the remainder when 107 is divided by 39?
29
What is the remainder when 1929 is divided by 129?
123
What is the remainder when 369 is divided by 3?
0
What is the remainder when 21211 is divided by 9?
7
Calculate the remainder when 146 is divided by 30.
26
Calculate the remainder when 353 is divided by 140.
73
Calculate the remainder when 147 is divided by 66.
15
What is the remainder when 420 is divided by 112?
84
What is the remainder when 9662 is divided by 3217?
11
What is the remainder when 297 is divided by 80?
57
What is the remainder when 73 is divided by 11?
7
What is the remainder when 55 is divided by 18?
1
Calculate the remainder when 2389 is divided by 22.
13
Calculate the remainder when 211 is divided by 45.
31
What is the remainder when 24 is divided by 17?
7
What is the remainder when 4445 is divided by 28?
21
What is the remainder when 802 is divided by 23?
20
Calculate the remainder when 45262 is divided by 368.
366
Calculate the remainder when 980 is divided by 99.
89
Calculate the remainder when 104 is divided by 30.
14
What is the remainder when 12131 is divided by 296?
291
Calculate the remainder when 2218 is divided by 74.
72
What is the remainder when 701 is divided by 22?
19
What is the remainder when 567 is divided by 19?
16
Calculate the remainder when 914 is divided by 304.
2
Calculate the remainder when 122 is divided by 16.
10
What is the remainder when 121 is divided by 17?
2
Calculate the remainder when 35 is divided by 18.
17
What is the remainder when 2222 is divided by 57?
56
Calculate the remainder when 47 is divided by 21.
5
Calculate the remainder when 301 is divided by 86.
43
Calculate the remainder when 168 is divided by 3.
0
What is the remainder when 863 is divided by 32?
31
Calculate the remainder when 96 is divided by 12.
0
What is the remainder when 534 is divided by 38?
2
Calculate the remainder when 591 is divided by 20.
11
What is the remainder when 1448 is divided by 400?
248
Calculate the remainder when 129 is divided by 69.
60
Calculate the remainder when 849 is divided by 208.
17
What is the remainder when 561 is divided by 138?
9
What is the remainder when 100 is divided by 31?
7
Calculate the remainder when 358 is divided by 45.
43
Calculate the remainder when 872 is divided by 96.
8
Calculate the remainder when 1433 is divided by 111.
101
Calculate the remainder when 332 is divided by 24.
20
Calculate the remainder when 122 is divided by 2.
0
What is the remainder when 10134 is divided by 74?
70
What is the remainder when 2136 is divided by 23?
20
What is the remainder when 455 is divided by 155?
145
Calculate the remainder when 83 is divided by 12.
11
Calculate the remainder when 7966 is divided by 166.
164
Calculate the remainder when 7625 is divided by 82.
81
What is the remainder when 251 is divided by 37?
29
What is the remainder when 408 is divided by 117?
57
What is the remainder when 12195 is divided by 100?
95
What is the remainder when 1125 is divided by 6?
3
What is the remainder when 136 is divided by 55?
26
What is the remainder when 364 is divided by 178?
8
Calculate the remainder when 1406 is divided by 100.
6
Calculate the remainder when 3655 is divided by 30.
25
Calculate the remainder when 904 is divided by 6.
4
Calculate the remainder when 501 is divided by 147.
60
What is the remainder when 235 is divided by 79?
77
Calculate the remainder when 148 is divided by 22.
16
Calculate the remainder when 2496 is divided by 100.
96
Calculate the remainder when 95 is divided by 89.
6
What is the remainder when 315 is divided by 14?
7
What is the remainder when 658 is divided by 132?
130
Calculate the remainder when 18689 is divided by 445.
444
Calculate the remainder when 983 is divided by 82.
81
What is the remainder when 27687 is divided by 65?
62
Calculate the remainder when 100 is divided by 26.
22
What is the remainder when 2608 is divided by 868?
4
Calculate the remainder when 779 is divided by 101.
72
Calculate the remainder when 543 is divided by 8.
7
Calculate the remainder when 3260 is divided by 51.
47
What is the remainder when 1635 is divided by 126?
123
What is the remainder when 218 is divided by 40?
18
Calculate the remainder when 1392 is divided by 73.
5
Calculate the remainder when 4 is divided by 4.
0
Calculate the remainder when 147 is divi